{"id":40,"date":"2025-03-03T22:55:03","date_gmt":"2025-03-03T21:55:03","guid":{"rendered":"https:\/\/profishingsport.pl\/index.php\/o-zalewie\/"},"modified":"2025-03-30T22:15:18","modified_gmt":"2025-03-30T20:15:18","slug":"o-zalewie","status":"publish","type":"page","link":"https:\/\/profishingsport.pl\/index.php\/o-zalewie\/","title":{"rendered":"O zalewie"},"content":{"rendered":"\n    \n    <section class=\"u-align-center u-clearfix u-section-2\" id=\"sec-f116\">\n      <div class=\"u-clearfix u-sheet u-sheet-1\">\n        <div class=\"u-clearfix u-expanded-width u-gutter-0 u-layout-wrap u-layout-wrap-1\">\n          <div class=\"u-layout\">\n            <div class=\"u-layout-row\">\n              <div class=\"u-container-style u-image u-layout-cell u-right-cell u-size-30 lazyload u-image-1\" data-image-width=\"2560\" data-image-height=\"1440\" data-bg=\"url(&quot;https:\/\/profishingsport.pl\/wp-content\/uploads\/2025\/03\/snapshot-scaled.jpg&quot;)\">\n                <div class=\"u-container-layout u-container-layout-1\"><\/div>\n              <\/div>\n              <div class=\"u-container-style u-layout-cell u-size-25 u-layout-cell-2\">\n                <div class=\"u-container-layout u-valign-middle u-container-layout-2\">\n                  <img alt=\"\" class=\"u-expanded-width u-image u-image-default lazyload u-image-2\" data-image-width=\"2560\" data-image-height=\"1440\" data-src=\"https:\/\/profishingsport.pl\/wp-content\/uploads\/2025\/03\/snapshot2-scaled.jpg\">\n                <\/div>\n              <\/div>\n              <div class=\"u-container-style u-hidden-sm u-hidden-xs u-layout-cell u-left-cell u-size-5 u-layout-cell-3\">\n                <div class=\"u-container-layout u-valign-middle u-container-layout-3\">\n                  <img alt=\"\" class=\"u-expanded-width u-image u-image-default lazyload u-image-3\" data-image-width=\"2560\" data-image-height=\"1440\" data-src=\"https:\/\/profishingsport.pl\/wp-content\/uploads\/2025\/03\/4snapshot-scaled.jpg\">\n                <\/div>\n              <\/div>\n            <\/div>\n          <\/div>\n        <\/div>\n        <div class=\"u-container-style u-group u-white u-group-1\">\n          <div class=\"u-container-layout u-container-layout-4\">\n            <h3 class=\"u-align-center u-heading-font u-text u-text-default u-text-1\">Zalew Piechota<\/h3>\n            <p class=\"u-align-center u-text u-text-font u-text-2\"> Zalew Piechota to malowniczy zbiornik retencyjny o powierzchni oko\u0142o 5.3 hektara wody, po\u0142o\u017cony na granicy miasta i gminy Gostynin w wojew\u00f3dztwie mazowieckim. Powsta\u0142y w latach 70. XX wieku, pe\u0142ni funkcje rekreacyjne, przyci\u0105gaj\u0105c zar\u00f3wno mieszka\u0144c\u00f3w, jak i turyst\u00f3w. <\/p>\n          <\/div>\n        <\/div>\n      <\/div>\n    <\/section>\n    <section class=\"u-align-center u-clearfix u-section-3\" id=\"sec-6274\">\n      <div class=\"u-clearfix u-sheet u-valign-middle u-sheet-1\">\n        <div class=\"u-expanded-width u-gallery u-layout-grid u-lightbox u-show-text-on-hover u-gallery-1\">\n          <div class=\"u-gallery-inner u-gallery-inner-1\">\n            <div class=\"u-effect-fade u-gallery-item\">\n              <div class=\"u-back-slide\" data-image-width=\"2560\" data-image-height=\"1440\">\n                <img class=\"u-back-image u-expanded lazyload\" data-src=\"https:\/\/profishingsport.pl\/wp-content\/uploads\/2025\/03\/snapshot1-scaled.jpg\">\n              <\/div>\n              <div class=\"u-over-slide u-shading u-over-slide-1\">\n                <h3 class=\"u-gallery-heading\"><\/h3>\n                <p class=\"u-gallery-text\"><\/p>\n              <\/div>\n            <\/div>\n            <div class=\"u-effect-fade u-gallery-item\">\n              <div class=\"u-back-slide\" data-image-width=\"2560\" data-image-height=\"1440\">\n                <img class=\"u-back-image u-expanded lazyload\" data-src=\"https:\/\/profishingsport.pl\/wp-content\/uploads\/2025\/03\/snapshot-1-scaled.jpg\">\n              <\/div>\n              <div class=\"u-over-slide u-shading u-over-slide-2\">\n                <h3 class=\"u-gallery-heading\"><\/h3>\n                <p class=\"u-gallery-text\"><\/p>\n              <\/div>\n            <\/div>\n            <div class=\"u-effect-fade u-gallery-item\">\n              <div class=\"u-back-slide\" data-image-width=\"2560\" data-image-height=\"1440\">\n                <img class=\"u-back-image u-expanded lazyload\" data-src=\"https:\/\/profishingsport.pl\/wp-content\/uploads\/2025\/03\/4snapshot-1-scaled.jpg\">\n              <\/div>\n              <div class=\"u-over-slide u-shading u-over-slide-3\">\n                <h3 class=\"u-gallery-heading\"><\/h3>\n                <p class=\"u-gallery-text\"><\/p>\n              <\/div>\n            <\/div>\n          <\/div>\n        <\/div>\n      <\/div>\n    <\/section>\n    \n    \n  \n","protected":false},"excerpt":{"rendered":"<p>Zalew Piechota Zalew Piechota to malowniczy zbiornik retencyjny o powierzchni oko\u0142o 5.3 hektara wody, po\u0142o\u017cony na granicy miasta i gminy Gostynin w wojew\u00f3dztwie mazowieckim. Powsta\u0142y w latach 70. XX wieku, pe\u0142ni funkcje rekreacyjne, przyci\u0105gaj\u0105c zar\u00f3wno mieszka\u0144c\u00f3w, jak i turyst\u00f3w.<\/p>\n","protected":false},"author":1,"featured_media":0,"parent":0,"menu_order":5,"comment_status":"closed","ping_status":"closed","template":"","meta":{"footnotes":""},"class_list":["post-40","page","type-page","status-publish","hentry"],"_links":{"self":[{"href":"https:\/\/profishingsport.pl\/index.php\/wp-json\/wp\/v2\/pages\/40","targetHints":{"allow":["GET"]}}],"collection":[{"href":"https:\/\/profishingsport.pl\/index.php\/wp-json\/wp\/v2\/pages"}],"about":[{"href":"https:\/\/profishingsport.pl\/index.php\/wp-json\/wp\/v2\/types\/page"}],"author":[{"embeddable":true,"href":"https:\/\/profishingsport.pl\/index.php\/wp-json\/wp\/v2\/users\/1"}],"replies":[{"embeddable":true,"href":"https:\/\/profishingsport.pl\/index.php\/wp-json\/wp\/v2\/comments?post=40"}],"version-history":[{"count":3,"href":"https:\/\/profishingsport.pl\/index.php\/wp-json\/wp\/v2\/pages\/40\/revisions"}],"predecessor-version":[{"id":144,"href":"https:\/\/profishingsport.pl\/index.php\/wp-json\/wp\/v2\/pages\/40\/revisions\/144"}],"wp:attachment":[{"href":"https:\/\/profishingsport.pl\/index.php\/wp-json\/wp\/v2\/media?parent=40"}],"curies":[{"name":"wp","href":"https:\/\/api.w.org\/{rel}","templated":true}]}}