{"id":37,"date":"2025-03-03T22:55:00","date_gmt":"2025-03-03T21:55:00","guid":{"rendered":"https:\/\/profishingsport.pl\/index.php\/polityka-prywatnosci\/"},"modified":"2025-05-17T17:55:16","modified_gmt":"2025-05-17T15:55:16","slug":"polityka-prywatnosci","status":"publish","type":"page","link":"https:\/\/profishingsport.pl\/index.php\/polityka-prywatnosci\/","title":{"rendered":"Polityka Prywatno\u015bci"},"content":{"rendered":"\n    \n    <section class=\"u-clearfix u-section-2\" id=\"sec-b35f\">\n      <div class=\"u-clearfix u-sheet u-sheet-1\">\n        <div class=\"fr-view u-clearfix u-rich-text u-text u-text-1\">\n          <h1>Klauzula informacyjna RODO<\/h1>\n          <p style=\"text-align: center;\">W zwi\u0105zku z realizacj\u0105 wymog\u00f3w Rozporz\u0105dzenia Parlamentu Europejskiego i Rady (UE) 2016\/679 z dnia 27 kwietnia 2016 r. w sprawie ochrony os\u00f3b fizycznych w zwi\u0105zku z przetwarzaniem danych osobowych i w sprawie swobodnego przep\u0142ywu takich danych oraz uchylenia dyrektywy 95\/46\/WE (og\u00f3lne rozporz\u0105dzenie o ochronie danych \u201eRODO\u201d), informujemy o zasadach przetwarzania Pani\/Pana danych osobowych oraz o przys\u0142uguj\u0105cych Pani\/Panu prawach z tym zwi\u0105zanych.<\/p>\n          <ol id=\"isPasted\">\n            <li>Administratorem Pa\u0144stwa danych osobowych jest STOWARZYSZENIE PRO FISHING &amp; SPORT z siedzib\u0105 w P\u0142ock ul.Zygmunta Padlewskiego 4, 09-402, Polska, e-mail: stowarzyszenieprofishingsport@gmail.com, tel.: 501328095<\/li>\n            <li>Administrator danych osobowych \u2013 STOWARZYSZENIE PRO FISHING &amp; SPORT - przetwarza Pani\/Pana dane osobowe na podstawie obowi\u0105zuj\u0105cych przepis\u00f3w prawa, zawartych um\u00f3w lub na podstawie udzielonej zgody.<\/li>\n            <li>Pani\/Pana dane osobowe przetwarzane s\u0105 w nast\u0119puj\u0105cych celach:<ul>\n                <li id=\"isPasted\">zwi\u0105zanych z zawarciem i wykonaniem umowy dotycz\u0105cej us\u0142ug \u015bwiadczonych przez jest STOWARZYSZENIE PRO FISHING &amp; SPORT na Pana\/Pani rzecz, a w szczeg\u00f3lno\u015bci sprzeda\u017cy online sk\u0142adek i zezwole\u0144 w\u0119dkarskich na Zalew Piechota kt\u00f3ry znajduje si\u0119 na terenie Rzeczypospolitej Polskiej.<\/li>\n                <li>weryfikacji Pani\/Pana uprawnie\u0144 do korzystania z zakupionych us\u0142ug<\/li>\n                <li>realizacji obowi\u0105zk\u00f3w wynikaj\u0105cych z przepis\u00f3w prawa (np. prowadzenie ewidencji zezwole\u0144, ksi\u0119gowo\u015bci)<\/li>\n                <li>obs\u0142ugi utworzonego Pani\/Pana konta w systemie profishingsport.pl<\/li>\n                <li>zawarcia i wykonania przysz\u0142ych um\u00f3w pomi\u0119dzy STOWARZYSZENIE PRO FISHING &amp; SPORT a Pani\u0105\/Panem.<\/li>\n                <li>w przypadku wyra\u017cenia zgody \u2013 do cel\u00f3w marketingowych, np. informowania o nowych us\u0142ugach i wydarzeniach<\/li>\n                <li>dochodzenia ewentualnych roszcze\u0144 lub obrony przed nimi<\/li>\n              <\/ul>\n            <\/li>\n            <li id=\"isPasted\">Podstaw\u0105 prawn\u0105 przetwarzania Pani\/Pana danych osobowych ww. celach jest art. 6 ust. 1 lit. b) oraz art. 6 ust. 1 lit. f) RODO.<\/li>\n            <li id=\"isPasted\">Zakres przetwarzanych danych:<ul>\n                <li id=\"isPasted\">Imi\u0119 i nazwisko<\/li>\n                <li>Zdj\u0119cie<\/li>\n                <li>Adres e-mail<\/li>\n                <li>Numer telefonu<\/li>\n                <li>Dane dotycz\u0105ce p\u0142atno\u015bci<\/li>\n                <li>Adres zamieszkania<\/li>\n                <li>Data urodzenia<\/li>\n              <\/ul>\n            <\/li>\n            <li id=\"isPasted\">Odbiorcy danych osobowych Dane osobowe mog\u0105 by\u0107 przekazywane:<ul>\n                <li id=\"isPasted\">podmiotom obs\u0142uguj\u0105cym p\u0142atno\u015bci elektroniczne<\/li>\n                <li>firmom \u015bwiadcz\u0105cym us\u0142ugi IT i hostingowe<\/li>\n                <li>organom publicznym, je\u015bli wymagaj\u0105 tego przepisy prawa<\/li>\n              <\/ul>\n            <\/li>\n            <li id=\"isPasted\">Pani\/Pana dane osobowe zwi\u0105zane z zawarciem i realizacj\u0105 us\u0142ug lub um\u00f3w przetwarzane b\u0119d\u0105 przez okres ich realizacji, a tak\u017ce przez okres nie d\u0142u\u017cszy ni\u017c przewiduj\u0105 to przepisy prawa, w tym przepisy Kodeksu Cywilnego oraz ustawy o rachunkowo\u015bci, tj. nie d\u0142u\u017cej ni\u017c przez 10 lat, licz\u0105c od ko\u0144ca roku kalendarzowego w kt\u00f3rym ostatnia umowa lub us\u0142uga zosta\u0142a wykonana. Ponadto, Pani\/Pana dane osobowe przetwarzane w celach marketingowych oraz w celu zawarcia i wykonania przysz\u0142ych um\u00f3w b\u0119d\u0105 przetwarzane do czasu zg\u0142oszenia przez Pani\u0105\/Pana sprzeciwu.<\/li>\n            <li id=\"isPasted\">W zwi\u0105zku z przetwarzaniem Pani\/Pana danych osobowych przys\u0142uguj\u0105 Pani\/Panu:<ul>\n                <li id=\"isPasted\">prawo dost\u0119pu do danych osobowych, w tym prawo do uzyskania kopii tych danych;<\/li>\n                <li>prawo do \u017c\u0105dania sprostowania (poprawiania) danych osobowych w przypadku, gdy dane s\u0105 nieprawid\u0142owe lub niekompletne;<\/li>\n                <li>prawo do \u017c\u0105dania usuni\u0119cia danych osobowych (tzw. prawo do bycia zapomnianym), w przypadku wyst\u0105pienia okoliczno\u015bci przewidzianych w art. 17 RODO;<\/li>\n                <li>prawo do \u017c\u0105dania ograniczenia przetwarzania danych osobowych w przypadku wskazanym w art. 18 RODO;<\/li>\n                <li>prawo sprzeciwu wobec przetwarzania danych w przypadku okre\u015blonym w art. 21 RODO;<\/li>\n              <\/ul>\n            <\/li>\n            <li id=\"isPasted\">W przypadku, gdy przetwarzanie danych osobowych odbywa si\u0119 na podstawie Pani\/Pana zgody, przys\u0142uguje Pani\/Panu prawo do cofni\u0119cia tej zgody w dowolnym momencie.<\/li>\n            <li>&nbsp;Dobrowolno\u015b\u0107 podania danych Podanie danych jest dobrowolne, jednak ich niepodanie mo\u017ce uniemo\u017cliwi\u0107 zakup zezwole\u0144 na w\u0119dkowanie.<\/li>\n            <li>&nbsp;Pani\/Pana dane mog\u0105 by\u0107 przetwarzane w spos\u00f3b zautomatyzowany i nie b\u0119d\u0105 profilowane.<\/li>\n            <li>&nbsp;W przypadku powzi\u0119cia informacji o niezgodnym z prawem przetwarzaniu przez STOWARZYSZENIE PRO FISHING &amp; SPORT Pani\/Pana danych osobowych, przys\u0142uguje Pani\/Panu prawo wniesienia skargi do organu nadzorczego w\u0142a\u015bciwego w sprawach ochrony danych osobowych, kt\u00f3rym jest Urz\u0105d Ochrony Danych Osobowych, ul. Stawki 2, Warszawa.<\/li>\n            <li>&nbsp;Je\u015bli ma Pani\/Pan pytania dotycz\u0105ce sposobu i zakresu przetwarzania Pani\/Pana danych osobowych w zakresie STOWARZYSZENIA PRO FISHING &amp; SPORT, a tak\u017ce przys\u0142uguj\u0105cych Pani\/Panu uprawnie\u0144, mo\u017ce si\u0119 Pani\/Pan skontaktowa\u0107 z STOWARZYSZENIEM PRO FISHING &amp; SPORT za pomoc\u0105 adresu: P\u0142ock ul.Zygmunta Padlewskiego 4, 09-402 lub za po\u015brednictwem poczty e-mail: stowarzyszenieprofishingsport@gmail.com<\/li>\n          <\/ol>\n        <\/div>\n      <\/div>\n    <\/section>\n    \n    \n  \n","protected":false},"excerpt":{"rendered":"<p>Klauzula informacyjna RODO W zwi\u0105zku z realizacj\u0105 wymog\u00f3w Rozporz\u0105dzenia Parlamentu Europejskiego i Rady (UE) 2016\/679 z dnia 27 kwietnia 2016 r. w sprawie ochrony os\u00f3b fizycznych w zwi\u0105zku z przetwarzaniem danych osobowych i w sprawie swobodnego przep\u0142ywu takich danych oraz uchylenia dyrektywy 95\/46\/WE (og\u00f3lne rozporz\u0105dzenie o ochronie danych \u201eRODO\u201d), informujemy o zasadach przetwarzania Pani\/Pana danych &hellip; <a href=\"https:\/\/profishingsport.pl\/index.php\/polityka-prywatnosci\/\" class=\"more-link\">Continue reading<span class=\"screen-reader-text\"> &#8222;Polityka Prywatno\u015bci&#8221;<\/span><\/a><\/p>\n","protected":false},"author":1,"featured_media":0,"parent":0,"menu_order":2,"comment_status":"closed","ping_status":"closed","template":"","meta":{"footnotes":""},"class_list":["post-37","page","type-page","status-publish","hentry"],"_links":{"self":[{"href":"https:\/\/profishingsport.pl\/index.php\/wp-json\/wp\/v2\/pages\/37","targetHints":{"allow":["GET"]}}],"collection":[{"href":"https:\/\/profishingsport.pl\/index.php\/wp-json\/wp\/v2\/pages"}],"about":[{"href":"https:\/\/profishingsport.pl\/index.php\/wp-json\/wp\/v2\/types\/page"}],"author":[{"embeddable":true,"href":"https:\/\/profishingsport.pl\/index.php\/wp-json\/wp\/v2\/users\/1"}],"replies":[{"embeddable":true,"href":"https:\/\/profishingsport.pl\/index.php\/wp-json\/wp\/v2\/comments?post=37"}],"version-history":[{"count":2,"href":"https:\/\/profishingsport.pl\/index.php\/wp-json\/wp\/v2\/pages\/37\/revisions"}],"predecessor-version":[{"id":147,"href":"https:\/\/profishingsport.pl\/index.php\/wp-json\/wp\/v2\/pages\/37\/revisions\/147"}],"wp:attachment":[{"href":"https:\/\/profishingsport.pl\/index.php\/wp-json\/wp\/v2\/media?parent=37"}],"curies":[{"name":"wp","href":"https:\/\/api.w.org\/{rel}","templated":true}]}}